*p + 45694 = 0. Is v composite?
True
Let o(j) = 25*j + 0*j + 9 + 3*j + 10*j. Is o(13) prime?
True
Suppose 2133 = 5*r - 2*q - 51522, 4*r = -5*q + 42891. Is r a composite number?
False
Suppose -2*b + 3*c + 1016 = 0, -4*b + 5*c + 2028 = -0*b. Suppose 0 = 2*o + j + 183 - b, 4*j = 20. Is o a prime number?
True
Suppose 4*g + 2*q = 19332, -g - 7*q + 2*q = -4851. Is g a composite number?
False
Let k = -9 - -10. Let a be 18420/70 + k/(-7). Suppose 5*w + a = 6*w. Is w a composite number?
False
Suppose -4*d + 5367 = -3365. Is d a prime number?
False
Suppose 0 = 29*g - 13*g - 12016. Is g composite?
False
Let f be 20673/6 - (3/6 - 1). Suppose 2*b - 3461 = -5*m, 7*m = 2*m + 3*b + f. Is m a prime number?
True
Let m be (-46497)/(-12) + (-6)/8. Let b = -1707 + m. Is b prime?
False
Suppose -2*s = -665 + 79. Is s a composite number?
False
Let c = -76 - -75. Is -1*(c + 4) - -1546 prime?
True
Suppose 0 = 5*x - 8 - 17. Let m be (-10)/(-25) + 768/x. Suppose -6*a + m = -4*a - w, -2*w = 2*a - 154. Is a prime?
False
Let s(z) = 4*z - 4. Let o be s(2). Let g(i) = -i**3 - 7*i**2 - 4*i + 12. Let k be g(-6). Suppose -o*t + 1156 + 648 = k. Is t composite?
True
Let m = -19314 + 65245. Is m a prime number?
False
Let s = -3 - -5. Suppose 435 + 22 = 5*i - p, s*i + 5*p - 172 = 0. Is i prime?
False
Suppose 5*i - 6*i = -3. Suppose 11*t - i*t = 1272. Is t prime?
False
Let x be 2/11 - 2085/33. Suppose 3*v + 49284 = 5*v. Is 2/(-14) - v/x prime?
False
Let u(w) = 514*w**2 + 19*w + 35. Is u(-2) prime?
True
Suppose 6 = 12*y - 10*y. Is 100*(y + -3 - -2) - -3 a composite number?
True
Suppose -835 = -4*p + 3*p - 3*c, -4195 = -5*p - 5*c. Is p a composite number?
True
Let v(o) = -72*o**3 - 8*o**2 - 24*o - 2. Is v(-3) composite?
True
Let b(p) = p**3 - 48*p**2 + 5*p - 55. Is b(48) a prime number?
False
Let f = -1977 + 2768. Is f prime?
False
Let z = -10 + 4. Let n be (3/z - -2)*70. Suppose n = -3*o + 6*o. Is o prime?
False
Let l = -353 + 509. Let i = -17 + l. Is i composite?
False
Is (-100236)/(-54)*(-27)/(-6) composite?
False
Suppose -18*i = -7*i + 143. Let m(l) = -2*l**3 - 16*l**2 + 20*l + 24. Is m(i) prime?
False
Suppose -2*u + 6*u = 5*c - 15099, -5*c + 15094 = u. Is c composite?
False
Let q(h) = 3*h - 12. Let c be q(4). Suppose -3*a = 9, 3*y - 2*a + a - 648 = c. Is y a composite number?
True
Let s be 439/7 - (-14)/49. Suppose 2*w + w - s = 0. Is 8330/w + 1/3 a prime number?
True
Let i = 180091 + -105524. Is i prime?
True
Let t = -167848 - -238467. Is t prime?
True
Let f be -83 - 0*(-2)/8. Suppose m - 43 = 2*p - 10, 2 = 2*m. Let h = p - f. Is h composite?
False
Let m = -55 - -59. Suppose -f - m*o + 118 = f, -5*f = -o - 328. Is f a prime number?
False
Let f = 516 - 283. Is f a prime number?
True
Let h(s) = 5*s**2 + 8*s + 9. Suppose 0*t + 16 = -2*t. Let p be h(t). Suppose -w + 6*w - p = 0. Is w a composite number?
False
Suppose 5*m = 10*m - 65. Suppose 3*w - u = 376, -m*u + 5 = -12*u. Is w a prime number?
True
Suppose 0 = -6*v - v + 91. Let z = 96 - v. Is z prime?
True
Let m = 997 - 935. Is m prime?
False
Suppose y - 4*z = -0*z + 56, -2*z + 62 = 2*y. Suppose 0 = -2*f + 2*k + y + 1382, 5*f + k = 3569. Is f a prime number?
False
Let k be 4 - (-12)/(-6) - (-1 - 0). Suppose 0 = 2*i + k*o - 1007 - 2583, -5*i = -4*o - 9021. Is i a prime number?
True
Suppose -2*n = -4*w - 6192, 12*w + 15520 = 5*n + 10*w. Is n a composite number?
True
Suppose 0 = -30*i + 32*i - 35446. Is i a composite number?
True
Suppose -65*m + 64*m = -3181. Is m a prime number?
True
Let r = -8222 - 10762. Let o be ((-4)/(-6))/((-16)/r). Let q = o - -6. Is q a composite number?
False
Let r be 10/30 - 10/(-6). Let y(s) = -s**3 + 2*s**2 + 2*s - 3. Let w be y(r). Is (-203)/((-3 - -1) + w) prime?
False
Let u = -1 - -20. Let i = 12 + u. Is i a prime number?
True
Let a(d) be the first derivative of 22*d**3/3 + 2*d**2 - 19*d - 17. Is a(6) a prime number?
True
Let o(m) = 3 - 2 + m + 6*m**2 + 4*m + 2*m**3 - m**3. Let w be o(-5). Let v(y) = 12*y**3 + 2*y**2 - y. Is v(w) a prime number?
True
Suppose 5*r - 8*r - 5*y = -88450, 5*r - 2*y = 147427. Is r prime?
False
Let h = 75881 - 51568. Is h a prime number?
False
Let x(g) = -g + 9. Let z be x(7). Suppose 2*p + p - j = 1390, -z*p - 2*j = -924. Is p composite?
False
Let t be 1/5 + (-128)/(-10). Suppose 0 = t*n - 932 + 61. Is n a prime number?
True
Let a(p) = -p**3 - 6*p**2 - p - 3. Let v = -3 + -3. Let z be a(v). Suppose 3*g - 147 = -4*d, -z*g + 0*d + 3*d = -168. Is g composite?
False
Let c = 6646 - 3965. Is c prime?
False
Suppose -4*k + 16263 - 2015 = 5*p, k - 3537 = 5*p. Is k a composite number?
False
Let k = 63 + -200. Let o = 230 + k. Is o composite?
True
Let h = -6055 + 26664. Is h a prime number?
False
Let m(f) = 678*f**2 + 5*f - 4. Let z(x) = -x**2 - 6*x + 3. Let j be z(-6). Is m(j) composite?
False
Suppose -8*o = -150 - 114. Let q = o - 31. Suppose w + 320 = l - 4*w, -l = q*w - 341. Is l a composite number?
True
Suppose -8*g - 22996 = -12*g + 4*f, g - 5*f - 5749 = 0. Is g a prime number?
True
Is (-1 + 2)*(-13)/(117/(-60921)) prime?
False
Let f be 0/(-4 - (2 - 8)) + 972. Suppose 5*d - p = 10780 - f, 2*p + 6 = 0. Is d composite?
True
Suppose 0 = 3*v, p + 4*p = 4*v. Suppose 2*f - 3*i = -8*i + 2977, 2*f + 3*i - 2971 = p. Is f composite?
False
Suppose 0 = -4*a - 4, -3*w - 5*a = -17 - 2. Suppose w*b + 7205 = 13*b. Is b a prime number?
False
Let c(j) = -2*j + 2. Let h be c(4). Let f(p) = 9*p**2 + 3*p + 8. Let b(m) = -45*m**2 - 16*m - 40. Let s(w) = 2*b(w) + 11*f(w). Is s(h) a prime number?
False
Let x(d) = -11*d + 10*d**2 + 5*d - 17 - 4*d**3 - 3*d + 3*d**3. Is x(8) composite?
True
Suppose 0 = 2*m - 0*m - 12. Let x be (-9)/(-27) - (-28)/m. Suppose -x*o + 1175 = -0*o. Is o prime?
False
Let f(h) be the first derivative of h**3/3 + 3*h**2/2 - 7*h + 1. Let w be f(-3). Is w - -3 - 161*-1 prime?
True
Let z(c) = -3*c - 2 + 0*c + 9*c. Let p be ((-54)/(-36))/((-6)/(-32) + 0). Is z(p) a prime number?
False
Let u(v) = 150*v**2 + 7*v + 8. Let o be u(4). Suppose -4*i - 1618 = -2*l, -3*l = -2*i - i - o. Is l composite?
True
Let s(b) be the third derivative of b**4/12 - 5*b**3/6 + 6*b**2. Let d be s(4). Suppose -2*u + 1345 = d*u. Is u composite?
False
Let i be 18/12 - 99/6. Is 38/(-4)*i/(135/666) composite?
True
Let h(z) be the first derivative of -z**4/4 + 14*z**3/3 - 11*z**2/2 + 5*z + 7. Let b be h(10). Let s = b + -32. Is s composite?
False
Suppose 0 = 4*p + 2*p - p. Is 1906/2 - p/2 prime?
True
Let r be (30/4 - 5)*4/5. Suppose -r*y = 481 - 1815. Is y a prime number?
False
Let b(t) = -9*t**3 + 8*t**2 + 8*t**3 - 13*t + 0 + 9. Let y be b(8). Let x = -44 - y. Is x a prime number?
False
Suppose -5*q = 5*h - 65, 0 = 3*q - 5*h - 22 - 25. Let v = 13 - q. Is v/((2/134)/(-1)) composite?
False
Suppose 3992989 = 134*u - 43*u. Is u composite?
True
Suppose -4 = -u - 0. Suppose -p - u*p - 4*y = 462, 2*p + 178 = -5*y. Is (p/6)/(9/(-27)) a composite number?
False
Let j(s) = 14*s + 4. Let u be j(-1). Let q = u + 11. Is (q*-1)/(15/(-1230)) a prime number?
False
Suppose -4*i + 26962 = -32106. Is i a composite number?
False
Suppose 4*x = 4, -5*y = 2*x + 2*x - 34. Suppose -4*v + y*v - 878 = 0. Is v prime?
True
Let s(c) = 2*c - 34. Let h be s(18). Suppose -1653 = -5*u + 2*n, -h*u + 3*n = 6*n - 646. Is u a composite number?
True
Suppose 38*x - 19490 = 28*x. Is x composite?
False
Let c = -258 + 512. Is c prime?
False
Suppose 3*h = 3*w + 66, 0 = 4*h + 6*w - 11*w - 90. Suppose 2*m - h = s, -2*m + 24 = 3*m + 4*s. Let a = m + 5. Is a prime?
True
Let b = 740 - 489. Is b composite?
False
Suppose 3*f - 5*p - 426 - 130 = 0, -2*f + 329 = 5*p. Is f prime?
False
Suppose -5*w + 2741 = -5*q - 409, 0 = -2*w - 3*q + 1285. Suppose -f = 3*a - w, -2*f - a + 2562 = 2*f. Is f a prime number?
True
Is 8/12*3/(-12)*-7494 prime?
True
Let p = 94 + 46. Let j be 14/(-4)*(24/2 - -6). Let o = p + j. Is o prime?
False
Let w be -4*(-3)/(-6) + 6. Suppose 3*u - 2453 = -0*u - 4*p, 0 = -w*u - 5*p + 3270. Suppose 0 = -3*a + 2*a + u. Is a a prime number?
False
Suppose 199308 = 121*t - 109*t. Is t composite?
True
Suppose 0 = 9*v - 13*v. Suppose 20*b - 23*b + 1266 = v. Is b composite?
True
Suppose 7*x - 2*x - 41 = k, 2*k = -2. Suppose 2*t - x = 0, -4*w - t = t - 72. Suppose 167 = w*d - 15*d. Is d a composite number?
False
Let v(u) = 4*u**2 + 5*u - 10. Let i(l) = l**2 